igit of 3735325270?
7
What is the hundred thousands digit of 6278883?
2
What is the ten millions digit of 1073515571?
7
What is the tens digit of 84815299?
9
What is the millions digit of 1030859538?
0
What is the ten thousands digit of 485338850?
3
What is the units digit of 141089176?
6
What is the millions digit of 2601462030?
1
What is the hundreds digit of 79366002?
0
What is the tens digit of 27839782?
8
What is the hundred thousands digit of 3882315?
8
What is the ten millions digit of 395078007?
9
What is the hundred millions digit of 3006452873?
0
What is the ten millions digit of 1325007464?
2
What is the hundred thousands digit of 333144029?
1
What is the hundred millions digit of 149014699?
1
What is the hundreds digit of 6751158793?
7
What is the millions digit of 124884224?
4
What is the millions digit of 37520866?
7
What is the hundreds digit of 72999167?
1
What is the hundred thousands digit of 1955810?
9
What is the millions digit of 45117076?
5
What is the tens digit of 1107635331?
3
What is the hundreds digit of 110194810?
8
What is the hundreds digit of 22605576?
5
What is the hundreds digit of 618789015?
0
What is the hundreds digit of 1225044838?
8
What is the hundreds digit of 5222668797?
7
What is the thousands digit of 12103334?
3
What is the ten thousands digit of 395395345?
9
What is the ten thousands digit of 260915062?
1
What is the hundred millions digit of 4764247034?
7
What is the thousands digit of 353427458?
7
What is the hundred thousands digit of 138340245?
3
What is the tens digit of 885542376?
7
What is the thousands digit of 382045868?
5
What is the hundred thousands digit of 661689714?
6
What is the tens digit of 255336461?
6
What is the millions digit of 231051409?
1
What is the thousands digit of 24759984?
9
What is the ten thousands digit of 1111355119?
5
What is the hundreds digit of 1920215781?
7
What is the millions digit of 24229029?
4
What is the hundreds digit of 148578600?
6
What is the tens digit of 345459813?
1
What is the tens digit of 1197439845?
4
What is the hundred thousands digit of 163244690?
2
What is the hundred thousands digit of 129136824?
1
What is the hundred thousands digit of 306886987?
8
What is the hundred thousands digit of 126346200?
3
What is the tens digit of 2812823450?
5
What is the hundreds digit of 2932065?
0
What is the ten millions digit of 116510529?
1
What is the ten thousands digit of 81744976?
4
What is the tens digit of 235141282?
8
What is the hundred thousands digit of 116266738?
2
What is the ten millions digit of 120514831?
2
What is the millions digit of 398686169?
8
What is the units digit of 157789570?
0
What is the hundred millions digit of 372670045?
3
What is the hundred thousands digit of 6562026?
5
What is the tens digit of 191598208?
0
What is the hundreds digit of 702340942?
9
What is the tens digit of 441477165?
6
What is the units digit of 2436836380?
0
What is the hundreds digit of 121746035?
0
What is the ten millions digit of 26825956?
2
What is the thousands digit of 9387474?
7
What is the thousands digit of 2924273981?
3
What is the millions digit of 162736643?
2
What is the ten millions digit of 3321116689?
2
What is the millions digit of 53481439?
3
What is the hundreds digit of 226165051?
0
What is the tens digit of 5724759415?
1
What is the ten millions digit of 13651361?
1
What is the ten thousands digit of 98602767?
0
What is the ten millions digit of 476802341?
7
What is the units digit of 100065481?
1
What is the hundreds digit of 34445010?
0
What is the hundred thousands digit of 1113651753?
6
What is the units digit of 833989399?
9
What is the tens digit of 242637422?
2
What is the ten thousands digit of 107094679?
9
What is the thousands digit of 991495865?
5
What is the units digit of 975943741?
1
What is the billions digit of 1754609837?
1
What is the hundred millions digit of 496706256?
4
What is the millions digit of 47600547?
7
What is the tens digit of 18635212?
1
What is the hundred thousands digit of 95293129?
2
What is the units digit of 669898076?
6
What is the hundreds digit of 165120713?
7
What is the tens digit of 970836875?
7
What is the hundred thousands digit of 45494467?
4
What is the ten thousands digit of 692273157?
7
What is the units digit of 72545403?
3
What is the ten millions digit of 58380054?
5
What is the ten thousands digit of 272511697?
1
What is the thousands digit of 256773080?
3
What is the ten millions digit of 53185654?
5
What is the units digit of 4669441511?
1
What is the ten millions digit of 366611548?
6
What is the units digit of 991888417?
7
What is the units digit of 188117314?
4
What is the hundred millions digit of 873803442?
8
What is the tens digit of 5401792?
9
What is the hundreds digit of 7620276937?
9
What is the hundreds digit of 41192694?
6
What is the millions digit of 661738355?
1
What is the millions digit of 4342963580?
2
What is the thousands digit of 3973614436?
4
What is the millions digit of 254414362?
4
What is the ten thousands digit of 32150534?
5
What is the ten millions digit of 3759261528?
5
What is the hundred millions digit of 1750518333?
7
What is the millions digit of 1133716232?
3
What is the ten thousands digit of 62901160?
0
What is the hundreds digit of 2253213819?
8
What is the units digit of 93817103?
3
What is the thousands digit of 129253921?
3
What is the billions digit of 1172547810?
1
What is the ten thousands digit of 93160994?
6
What is the tens digit of 43187118?
1
What is the millions digit of 1582582271?
2
What is the hundred thousands digit of 69036260?
0
What is the millions digit of 370524226?
0
What is the millions digit of 3806623315?
6
What is the millions digit of 7909997989?
9
What is the tens digit of 37007984?
8
What is the thousands digit of 391249004?
9
What is the tens digit of 86094763?
6
What is the ten millions digit of 2235907947?
3
What is the hundred thousands digit of 253345845?
3
What is the units digit of 3339307450?
0
What is the units digit of 50678733?
3
What is the units digit of 49167321?
1
What is the ten thousands digit of 97102498?
0
What is the hundred millions digit of 2636550314?
6
What is the hundred thousands digit of 91103322?
1
What is the millions digit of 612065130?
2
What is the hundred thousands digit of 186919276?
9
What is the millions digit of 2069835521?
9
What is the thousands digit of 6992056592?
6
What is the ten thousands digit of 208269623?
6
What is the millions digit of 931824812?
1
What is the tens digit of 80370136?
3
What is the tens digit of 832495139?
3
What is the ten millions digit of 60673577?
6
What is the thousands digit of 670013549?
3
What is the hundred millions digit of 402327001?
4
What is the hundred thousands digit of 532007209?
0
What is the tens digit of 329784233?
3
What is the ten thousands digit of 82139289?
3
What is the millions digit of 195161909?
5
What is the ten millions digit of 93854213?
9
What is the thousands digit of 18136827?
6
What is the units digit of 8522422?
2
What is the thousands digit of 583140479?
0
What is the millions digit of 1838268?
1
What is the thousands digit of 612805708?
5
What is the units digit of 129861101?
1
What is the millions digit of 1833574902?
3
What is the hundred thousands digit of 47823011?
8
What is the hundred millions digit of 1672066658?
6
What is the ten millions digit of 364205444?
6
What is the ten thousands digit of 49331813?
3
What is the thousands digit of 792845029?
5
What is the tens digit of 24311386?
8
What is the ten millions digit of 363443161?
6
What is the millions digit of 494375402?
4
What is the hundred thousands digit of 52929110?
9
What is the tens digit of 232719464?
6
What is the thousands digit of 699524642?
4
What is the ten millions digit of 2530434624?
3
What is the ten millions digit of 50770705?
5
What is the ten thousands digit of 2157931481?
3
What is the thousands digit of 61583230?
3
What is the hundred thousands digit of 35278159?
2
What is the thousands digit of 396467270?
7
What is the ten thousands digit of 421587?
2
What is the thousands digit of 39764255?
4
What is the tens digit of 824638524?
2
What is the units digit of 654187268?
8
What is the millions digit of 2630502?
2
What is th